+ 7 = 0. Let k(z) = -6 - 6*z - 6*z - 15*z**2 + 16*z**2 + 3*z. Determine k(b).
-6
Let f(h) be the second derivative of 0 + 6*h**2 - 1/2*h**3 + 27*h. Give f(10).
-18
Let m(l) = 2*l**2 - 10*l - 2. Suppose 0 = -13*q + 55 + 127. Suppose -q*v = -20*v + 42. What is m(v)?
26
Let o(u) = -19*u**3 + 2*u**2 + 2*u + 29. Let l(v) = -16*v**3 + 2*v**2 + 2*v + 25. Let m(r) = -6*l(r) + 5*o(r). What is m(5)?
60
Suppose -x = 3*x - 52. Let i(g) = -g**2 - 4*g - g + 18 - 33 + x. Let q(h) = 2*h**2 + 19*h + 4. Let t be q(-9). Calculate i(t).
-2
Suppose 125*s + 1864 = 133*s. Let o(n) = 234 + 2*n**2 + 0*n - n**3 - 4*n**2 - s - n. What is o(-3)?
13
Let q(f) = 6*f - 6. Let p be q(1). Let l(x) = -x**3 - x**2 + x + 11. Let v be l(p). Let r(n) = -v*n**2 - 2 + 3*n**2 - 3*n**3 + 3 + 4*n**3 + 7*n. What is r(7)?
1
Let c(k) = -k. Let n(s) = -8*s - 51. Let p be n(-13). Let z(w) = w**3 - 7*w**2 + 7*w + 4. Let u be z(7). Let i = p - u. Calculate c(i).
0
Let x(r) be the third derivative of -7/6*r**3 + 37*r**2 + 1/12*r**5 + 1 + 1/120*r**6 - 5/24*r**4 + 0*r. Calculate x(-6).
-13
Let h(g) = -5*g**2 + 28*g - 7. Let b = -4865 + 4870. Determine h(b).
8
Let u be (-1 - (-9 - 0)) + 63 + -69. Let h(q) = -q**2 - 2*q. What is h(u)?
-8
Let m(w) be the first derivative of w**4/4 - 2*w**3/3 - 4*w**2 + 5*w + 49. Let u be m(4). Let z(f) = 1 + f - 2 + 2. Give z(u).
6
Let f(b) = b**3 + 8*b**2 + 27*b + 325. Let m be f(-9). Let d(a) = -3*a**2 + 1. Give d(m).
-2
Let f(u) be the first derivative of u**4/4 - 8*u**3/3 - 11*u**2 + 48*u + 2766. Give f(10).
28
Suppose 0 = 22*c - 17*c - 25. Let y(m) = 0*m**2 - 4*m**2 - 4*m - 2 + c*m - m**3 + m. Suppose 24*o = 22*o - 8. Determine y(o).
-10
Let f(r) = -r**2 - r + 9. Let u(l) = -l**2 + 22*l - 101. Let k be u(15). Give f(k).
-11
Let g = 366 - 361. Let x(b) = b + b**2 - g*b + 6*b - 2*b**2. What is x(3)?
-3
Let a(u) = -u**3 - 11*u**2 - 2*u - 4. Let b = 293 + 313. Let t = 595 - b. Give a(t).
18
Let x(i) = -13*i - 260. Let p(b) = -2*b**2 + 204*b - 2486. Let n be p(14). Calculate x(n).
26
Let w(q) = -q + 3. Suppose -3*m + 14 = t, -4*t + 0*m = m - 12. Let u be 0/(-15)*(-1)/t. Suppose 4*j - j = u. What is w(j)?
3
Let w(m) = -m - 7 + m**3 - 5*m**2 - 4*m + 2*m**2. Suppose -2*k + 62 = 2*k - g, 0 = -5*k + 3*g + 74. Suppose 74 + 6 = k*x. Calculate w(x).
18
Let x = 603 - 602. Let f(b) be the third derivative of -b**6/120 + b**5/60 - b**4/24 - 2*b**2 - 22. Calculate f(x).
-1
Let y(b) = -b**2 - b + 1. Suppose -2*u - 3*u = 0, 4*u + 182 = 2*t. Let j = 92 - t. Let x(w) = -w - 1. Let n(r) = j*y(r) + x(r). Give n(-4).
-8
Suppose -5*m - 5*r = 20, 2*m - 4*r - 12 = 5*m. Suppose -21*d + 20*d + 18 = 0. Let z(n) = -6*n + n**3 + 4*n**2 - d + 15 - n**2. What is z(m)?
5
Let s(b) = 224 - b**3 - 1402141*b**2 + 1402082*b**2 - 110*b + 0*b**3. Give s(-57).
-4
Let b(u) = -u**2 + 10*u - 11. Let z = 62 - -228. Suppose 3*t + 0*g - z = 2*g, 5*t + 5*g = 475. Suppose 0 = 14*r - 26*r + t. Calculate b(r).
5
Let x(h) = h**2 - 15*h + 2. Let d(n) = -n**3 + 11*n**2 - 11*n + 23. Let m be d(10). Calculate x(m).
-24
Let d(z) be the third derivative of -z**4/24 + z**3/6 - z**2. Suppose -8*v = -233 + 217. Suppose 3*o - y + 13 = 0, v*o - 2 = y - 10. Determine d(o).
6
Let r(b) = -b**3 - 7*b**2 - 5*b + 4. Let a be r(-4). Let g(d) = d**2 - d - 15. Let k be g(7). Let z = k + a. Let u(h) = -h**2 + h - 1. What is u(z)?
-7
Let k be 72/(-10)*((-2)/(-21) + 3700/(-2100)). Let z(v) = 7*v - 72. Determine z(k).
12
Let k = -4 + 6. Let t(v) = -3 + 2 + 1 + 1 - 49803*v + 49804*v - 6*v**2. What is t(k)?
-21
Let b(c) = c**3 + 6*c**2 - 8*c + 3. Let z(v) = -332*v**3 - 2*v**2 - 6*v + 7. Let d be z(1). Let x = d + 326. Determine b(x).
10
Let r(s) = -2*s - 8. Let m(j) be the first derivative of 5*j**2/2 + 15*j + 53. Let h(l) = -4*m(l) - 7*r(l). Calculate h(3).
-22
Let w(k) = 12*k**2 + k - 3. Let j be 0 + ((35/(-4))/7 - 87/116). Give w(j).
43
Let f = 732 + -734. Let u(k) = 4*k - 3. What is u(f)?
-11
Let x(f) = f**2 - f + 4. Let b be x(2). Let s(u) = -21*u - 2 + b*u + 12*u. Give s(-7).
19
Let l be 2/(-6) + (-154)/33. Let q be (-2 - 1)*(2/(-1) + 1). Let r(z) = z**3 - 4*z**2 - 5*z**3 + z + 2*z + 3*z**q + 7. Determine r(l).
17
Let o be 172/(-14) + 7/147*6. Let q = o - -15. Let n(t) = -t - 39 + 36 + 8. Give n(q).
2
Let c(s) be the first derivative of -s**3/3 + 3*s**2 - s - 203. Let u(y) = 5*y**3 - y**2 + 3*y - 2. Let n be u(1). What is c(n)?
4
Let j(z) = -z**2 - 28*z - 161. Let m be j(-9). Let i(p) be the second derivative of -m*p + 0 - 2/3*p**4 - 3/2*p**3 - 1/20*p**5 - 5/2*p**2. Give i(-7).
9
Let h(m) = 2*m**3 + 9*m**2 + 6*m + 10. Let x be h(-4). Let o(q) = 170 + 4*q - 169 - x*q. What is o(6)?
13
Let b(l) = -l**3 - l**2 - 6. Let r(q) = 4*q**3 + 3*q**2 + q + 25. Let v(c) = 9*b(c) + 2*r(c). Let s(u) = -6375*u - 70128. Let w be s(-11). Give v(w).
-10
Let j(b) = -5*b - 11. Let q(y) = -y**2 - 6*y + 133. Let w be q(-15). Determine j(w).
-1
Let y = -107 + 115. Suppose n + 3*a = 0, -y*n + 3*n - 2*a = -13. Let l(u) = -u**3 + 2*u**2 + 4. Calculate l(n).
-5
Let g be 1*(-1 - -2)*2. Suppose -20 = 3*c + g*o, 0 = 2*c - 5*o - 6 + 13. Let m(d) = -13 - 164*d - d**2 + 14 + 159*d + 3. Give m(c).
-2
Let w = -7523 - -7521. Let t(x) = x - 1. Let b(v) = 2*v - 3. Let f(z) = -3*z + 5. Let y(m) = 5*b(m) + 3*f(m). Let k(s) = w*y(s) + 4*t(s). What is k(4)?
4
Suppose 3*x + 1 = 2*x. Let d(w) be the first derivative of -1/2*w**2 - 33 - w - 5/2*w**4 + 0*w**3. Give d(x).
10
Let h(g) = g**3 - 23*g**2 - 288*g - 4. Let k be h(32). Let p(c) = c**2 - 5*c - 7. Let y(r) = 5*r**2 - 19*r - 29. Let o(i) = 9*p(i) - 2*y(i). Give o(k).
7
Let g(k) = 3*k - 1. Suppose -36 = -3*d - d. Let s(w) = -w**2 + 9*w + 5. Let l be s(d). Suppose l*f - 3*f = -2. Determine g(f).
-4
Let f be ((-2)/36)/(62/248) - (-87)/27. Let u(w) = w**3 - w**2 - 2*w + 1. Determine u(f).
13
Let u(c) = 11*c**3 + 175*c**2 - 347*c + 182. Let h(k) = -5*k**3 - 87*k**2 + 173*k - 90. Let n(t) = 9*h(t) + 4*u(t). Give n(-85).
3
Suppose -4*r - 5 = -13. Let y(g) = -36 + g**3 + 72 - 35 + 3*g**r + 3*g. Calculate y(-3).
-8
Let u = -37 + 42. Let g(a) be the first derivative of a**6/360 - a**5/24 + a**4/8 + 46*a**3/3 - 6. Let z(q) be the third derivative of g(q). Determine z(u).
3
Let o(a) = -6 + 4 - 2520440*a + 2520447*a. Let d(p) = -6*p**2 + 1. Let g be d(1). Give o(g).
-37
Let d(f) be the first derivative of -2*f**3/3 + 9*f**2/2 - 17*f - 6916. What is d(5)?
-22
Let k(l) = 11*l + 151. Let x be k(-13). Let j(g) = 3 - 3 + 145*g - 144*g + x. Let c be (-3 - -4)/(1/(-8)). Calculate j(c).
0
Let h(a) = 471*a - 158*a - 156*a + 34 - 159*a. Let j(q) = -11. Suppose 4*s + 24 = -7*z + 3*z, 4*s + 5*z = -23. Let l(y) = s*j(y) - 2*h(y). Determine l(-6).
-15
Let v(h) = -4*h**2 + 4*h - 7. Suppose 5*f + 3*x + 9 = 0, 3*f - 11*x + 19 = -6*x. Let l(t) = 7*t**2 - 9*t + 14. Let s(m) = f*l(m) - 5*v(m). What is s(8)?
-15
Let h(g) = 8*g**2 + 26*g. Let w(p) = p**2. Let j(k) = h(k) - 3*w(k). Determine j(-5).
-5
Suppose 2*o + 3*k + 11 = 0, -4*k - 27 + 3 = -2*o. Let q(h) = -16*h**3 - 3*h**2 + 2*h - 1. Determine q(o).
-137
Let s(l) = -l - 5. Let i(c) = c**3 + c**2 - 4*c - 24. Let d(u) = u**2 + 1. Let o(a) = -5*d(a) - i(a). Let w be o(-6). Give s(w).
0
Suppose -351 - 180 = 3*k. Let j = k - -169. Let r(h) = -h**3 - 8*h**2 - 3. Give r(j).
-3
Let f(k) be the first derivative of k**4/12 - k**3 - k**2/2 - 17*k + 107. Let o(m) be the second derivative of f(m). Determine o(-3).
-12
Let v(p) be the second derivative of 3*p**4/2 - p**3 - 7*p**2/2 - 162*p + 17. Calculate v(-2).
77
Let q be (2/(-6))/((-10)/(-60)) + 2. Suppose -3*x + q + 33 = 0. Let r(k) = k - 7. Let u(z) = -2*z + 13. Let c(t) = x*r(t) + 6*u(t). Determine c(-7).
8
Let s(r) be the first derivative of 11*r**2/2 - 2*r - 17. Let d = -983 + 984. Give s(d).
9
Let h(s) = 11*s - 134. Let m = 2924 + -2911. Give h(m).
9
Let r(f) = f + 1. Suppose -c - c + 523 = 5*t, t - 111 = -2*c. Let d = -91 + t. Suppose j + d = -5*m - 13, 20 = 4*j - 4*m. What is r(j)?
1
Let s(m) be the first derivative of -m**3/3 - 11*m**2/2 - 309*m + 52. Let i(b) be the first derivative of s(b). What is i(-6)?
1
Suppose -w + 1 = 0, -24*q + 40 = -26*q + 4*w. Let j(r) = r**2 + 20*r + 40. Determine j(q).
4
Let p(c) = 9*c**2 + 9*c - 3. Let x(j) = 14 - 4*j - 4*j**2 - 4 - 6 - 3. Let a(f) = 2*p(f) + 5*x(f). Determine a(-4).
-25
Let d(f) = -f**3 - 3*f**2 + 2*f 